{"id":2088,"date":"2018-08-15T14:14:49","date_gmt":"2018-08-15T19:14:49","guid":{"rendered":"https:\/\/karatesportif.com\/?post_type=tribe_events&#038;p=2088"},"modified":"2018-08-15T14:14:49","modified_gmt":"2018-08-15T19:14:49","slug":"examen-pratique-du-cours-dinstructeur-et-celebration-remise-de-diplome-et-gouter","status":"publish","type":"tribe_events","link":"https:\/\/karatesportif.com\/en\/calendrier\/examen-pratique-du-cours-dinstructeur-et-celebration-remise-de-diplome-et-gouter\/","title":{"rendered":"Examen pratique du cours d&#8217;instructeur et c\u00e9l\u00e9bration remise de dipl\u00f4me et go\u00fbter"},"content":{"rendered":"","protected":false},"excerpt":{"rendered":"","protected":false},"author":11,"featured_media":0,"template":"","meta":{"_acf_changed":false,"_tribe_events_status":"","_tribe_events_status_reason":"","footnotes":""},"tags":[],"tribe_events_cat":[],"class_list":["post-2088","tribe_events","type-tribe_events","status-publish","hentry"],"acf":[],"yoast_head":"<!-- This site is optimized with the Yoast SEO plugin v27.4 - https:\/\/yoast.com\/product\/yoast-seo-wordpress\/ -->\n<title>Examen pratique du cours d&#039;instructeur et c\u00e9l\u00e9bration remise de dipl\u00f4me et go\u00fbter - Karat\u00e9 Sportif<\/title>\n<meta name=\"robots\" content=\"index, follow, max-snippet:-1, max-image-preview:large, max-video-preview:-1\" \/>\n<link rel=\"canonical\" href=\"https:\/\/karatesportif.com\/en\/calendrier\/examen-pratique-du-cours-dinstructeur-et-celebration-remise-de-diplome-et-gouter\/\" \/>\n<meta property=\"og:locale\" content=\"en_US\" \/>\n<meta property=\"og:type\" content=\"article\" \/>\n<meta property=\"og:title\" content=\"Examen pratique du cours d&#039;instructeur et c\u00e9l\u00e9bration remise de dipl\u00f4me et go\u00fbter - Karat\u00e9 Sportif\" \/>\n<meta property=\"og:url\" content=\"https:\/\/karatesportif.com\/en\/calendrier\/examen-pratique-du-cours-dinstructeur-et-celebration-remise-de-diplome-et-gouter\/\" \/>\n<meta property=\"og:site_name\" content=\"Karat\u00e9 Sportif\" \/>\n<meta name=\"twitter:card\" content=\"summary_large_image\" \/>\n<script type=\"application\/ld+json\" class=\"yoast-schema-graph\">{\"@context\":\"https:\\\/\\\/schema.org\",\"@graph\":[{\"@type\":\"WebPage\",\"@id\":\"https:\\\/\\\/karatesportif.com\\\/en\\\/calendrier\\\/examen-pratique-du-cours-dinstructeur-et-celebration-remise-de-diplome-et-gouter\\\/\",\"url\":\"https:\\\/\\\/karatesportif.com\\\/en\\\/calendrier\\\/examen-pratique-du-cours-dinstructeur-et-celebration-remise-de-diplome-et-gouter\\\/\",\"name\":\"Examen pratique du cours d'instructeur et c\u00e9l\u00e9bration remise de dipl\u00f4me et go\u00fbter - Karat\u00e9 Sportif\",\"isPartOf\":{\"@id\":\"https:\\\/\\\/karatesportif.com\\\/en\\\/#website\"},\"datePublished\":\"2018-08-15T19:14:49+00:00\",\"breadcrumb\":{\"@id\":\"https:\\\/\\\/karatesportif.com\\\/en\\\/calendrier\\\/examen-pratique-du-cours-dinstructeur-et-celebration-remise-de-diplome-et-gouter\\\/#breadcrumb\"},\"inLanguage\":\"en-US\",\"potentialAction\":[{\"@type\":\"ReadAction\",\"target\":[\"https:\\\/\\\/karatesportif.com\\\/en\\\/calendrier\\\/examen-pratique-du-cours-dinstructeur-et-celebration-remise-de-diplome-et-gouter\\\/\"]}]},{\"@type\":\"BreadcrumbList\",\"@id\":\"https:\\\/\\\/karatesportif.com\\\/en\\\/calendrier\\\/examen-pratique-du-cours-dinstructeur-et-celebration-remise-de-diplome-et-gouter\\\/#breadcrumb\",\"itemListElement\":[{\"@type\":\"ListItem\",\"position\":1,\"name\":\"Accueil\",\"item\":\"https:\\\/\\\/karatesportif.com\\\/en\\\/\"},{\"@type\":\"ListItem\",\"position\":2,\"name\":\"Events\",\"item\":\"https:\\\/\\\/karatesportif.com\\\/en\\\/calendriers\\\/\"},{\"@type\":\"ListItem\",\"position\":3,\"name\":\"Examen pratique du cours d&#8217;instructeur et c\u00e9l\u00e9bration remise de dipl\u00f4me et go\u00fbter\"}]},{\"@type\":\"WebSite\",\"@id\":\"https:\\\/\\\/karatesportif.com\\\/en\\\/#website\",\"url\":\"https:\\\/\\\/karatesportif.com\\\/en\\\/\",\"name\":\"Karat\u00e9 Sportif\",\"description\":\"\",\"publisher\":{\"@id\":\"https:\\\/\\\/karatesportif.com\\\/en\\\/#organization\"},\"potentialAction\":[{\"@type\":\"SearchAction\",\"target\":{\"@type\":\"EntryPoint\",\"urlTemplate\":\"https:\\\/\\\/karatesportif.com\\\/en\\\/?s={search_term_string}\"},\"query-input\":{\"@type\":\"PropertyValueSpecification\",\"valueRequired\":true,\"valueName\":\"search_term_string\"}}],\"inLanguage\":\"en-US\"},{\"@type\":\"Organization\",\"@id\":\"https:\\\/\\\/karatesportif.com\\\/en\\\/#organization\",\"name\":\"Karat\u00e9 Sportif\",\"url\":\"https:\\\/\\\/karatesportif.com\\\/en\\\/\",\"logo\":{\"@type\":\"ImageObject\",\"inLanguage\":\"en-US\",\"@id\":\"https:\\\/\\\/karatesportif.com\\\/en\\\/#\\\/schema\\\/logo\\\/image\\\/\",\"url\":\"https:\\\/\\\/karatesportif.com\\\/wp-content\\\/uploads\\\/2024\\\/06\\\/Logo_GKS.png\",\"contentUrl\":\"https:\\\/\\\/karatesportif.com\\\/wp-content\\\/uploads\\\/2024\\\/06\\\/Logo_GKS.png\",\"width\":250,\"height\":250,\"caption\":\"Karat\u00e9 Sportif\"},\"image\":{\"@id\":\"https:\\\/\\\/karatesportif.com\\\/en\\\/#\\\/schema\\\/logo\\\/image\\\/\"}}]}<\/script>\n<!-- \/ Yoast SEO plugin. -->","yoast_head_json":{"title":"Examen pratique du cours d'instructeur et c\u00e9l\u00e9bration remise de dipl\u00f4me et go\u00fbter - Karat\u00e9 Sportif","robots":{"index":"index","follow":"follow","max-snippet":"max-snippet:-1","max-image-preview":"max-image-preview:large","max-video-preview":"max-video-preview:-1"},"canonical":"https:\/\/karatesportif.com\/en\/calendrier\/examen-pratique-du-cours-dinstructeur-et-celebration-remise-de-diplome-et-gouter\/","og_locale":"en_US","og_type":"article","og_title":"Examen pratique du cours d'instructeur et c\u00e9l\u00e9bration remise de dipl\u00f4me et go\u00fbter - Karat\u00e9 Sportif","og_url":"https:\/\/karatesportif.com\/en\/calendrier\/examen-pratique-du-cours-dinstructeur-et-celebration-remise-de-diplome-et-gouter\/","og_site_name":"Karat\u00e9 Sportif","twitter_card":"summary_large_image","schema":{"@context":"https:\/\/schema.org","@graph":[{"@type":"WebPage","@id":"https:\/\/karatesportif.com\/en\/calendrier\/examen-pratique-du-cours-dinstructeur-et-celebration-remise-de-diplome-et-gouter\/","url":"https:\/\/karatesportif.com\/en\/calendrier\/examen-pratique-du-cours-dinstructeur-et-celebration-remise-de-diplome-et-gouter\/","name":"Examen pratique du cours d'instructeur et c\u00e9l\u00e9bration remise de dipl\u00f4me et go\u00fbter - Karat\u00e9 Sportif","isPartOf":{"@id":"https:\/\/karatesportif.com\/en\/#website"},"datePublished":"2018-08-15T19:14:49+00:00","breadcrumb":{"@id":"https:\/\/karatesportif.com\/en\/calendrier\/examen-pratique-du-cours-dinstructeur-et-celebration-remise-de-diplome-et-gouter\/#breadcrumb"},"inLanguage":"en-US","potentialAction":[{"@type":"ReadAction","target":["https:\/\/karatesportif.com\/en\/calendrier\/examen-pratique-du-cours-dinstructeur-et-celebration-remise-de-diplome-et-gouter\/"]}]},{"@type":"BreadcrumbList","@id":"https:\/\/karatesportif.com\/en\/calendrier\/examen-pratique-du-cours-dinstructeur-et-celebration-remise-de-diplome-et-gouter\/#breadcrumb","itemListElement":[{"@type":"ListItem","position":1,"name":"Accueil","item":"https:\/\/karatesportif.com\/en\/"},{"@type":"ListItem","position":2,"name":"Events","item":"https:\/\/karatesportif.com\/en\/calendriers\/"},{"@type":"ListItem","position":3,"name":"Examen pratique du cours d&#8217;instructeur et c\u00e9l\u00e9bration remise de dipl\u00f4me et go\u00fbter"}]},{"@type":"WebSite","@id":"https:\/\/karatesportif.com\/en\/#website","url":"https:\/\/karatesportif.com\/en\/","name":"Karat\u00e9 Sportif","description":"","publisher":{"@id":"https:\/\/karatesportif.com\/en\/#organization"},"potentialAction":[{"@type":"SearchAction","target":{"@type":"EntryPoint","urlTemplate":"https:\/\/karatesportif.com\/en\/?s={search_term_string}"},"query-input":{"@type":"PropertyValueSpecification","valueRequired":true,"valueName":"search_term_string"}}],"inLanguage":"en-US"},{"@type":"Organization","@id":"https:\/\/karatesportif.com\/en\/#organization","name":"Karat\u00e9 Sportif","url":"https:\/\/karatesportif.com\/en\/","logo":{"@type":"ImageObject","inLanguage":"en-US","@id":"https:\/\/karatesportif.com\/en\/#\/schema\/logo\/image\/","url":"https:\/\/karatesportif.com\/wp-content\/uploads\/2024\/06\/Logo_GKS.png","contentUrl":"https:\/\/karatesportif.com\/wp-content\/uploads\/2024\/06\/Logo_GKS.png","width":250,"height":250,"caption":"Karat\u00e9 Sportif"},"image":{"@id":"https:\/\/karatesportif.com\/en\/#\/schema\/logo\/image\/"}}]}},"_links":{"self":[{"href":"https:\/\/karatesportif.com\/en\/wp-json\/wp\/v2\/tribe_events\/2088","targetHints":{"allow":["GET"]}}],"collection":[{"href":"https:\/\/karatesportif.com\/en\/wp-json\/wp\/v2\/tribe_events"}],"about":[{"href":"https:\/\/karatesportif.com\/en\/wp-json\/wp\/v2\/types\/tribe_events"}],"author":[{"embeddable":true,"href":"https:\/\/karatesportif.com\/en\/wp-json\/wp\/v2\/users\/11"}],"version-history":[{"count":0,"href":"https:\/\/karatesportif.com\/en\/wp-json\/wp\/v2\/tribe_events\/2088\/revisions"}],"wp:attachment":[{"href":"https:\/\/karatesportif.com\/en\/wp-json\/wp\/v2\/media?parent=2088"}],"wp:term":[{"taxonomy":"post_tag","embeddable":true,"href":"https:\/\/karatesportif.com\/en\/wp-json\/wp\/v2\/tags?post=2088"},{"taxonomy":"tribe_events_cat","embeddable":true,"href":"https:\/\/karatesportif.com\/en\/wp-json\/wp\/v2\/tribe_events_cat?post=2088"}],"curies":[{"name":"wp","href":"https:\/\/api.w.org\/{rel}","templated":true}]}}

Examen pratique du cours d&#8217;instructeur et célébration remise de diplôme et goûter

<!-- This site is optimized with the Yoast SEO plugin v27.4 - https://yoast.com/product/yoast-seo-wordpress/ -->
<title>Examen pratique du cours d&#039;instructeur et célébration remise de diplôme et goûter - Karaté Sportif</title>
<meta name="robots" content="index, follow, max-snippet:-1, max-image-preview:large, max-video-preview:-1" />
<link rel="canonical" href="https://karatesportif.com/en/calendrier/examen-pratique-du-cours-dinstructeur-et-celebration-remise-de-diplome-et-gouter/" />
<meta property="og:locale" content="en_US" />
<meta property="og:type" content="article" />
<meta property="og:title" content="Examen pratique du cours d&#039;instructeur et célébration remise de diplôme et goûter - Karaté Sportif" />
<meta property="og:url" content="https://karatesportif.com/en/calendrier/examen-pratique-du-cours-dinstructeur-et-celebration-remise-de-diplome-et-gouter/" />
<meta property="og:site_name" content="Karaté Sportif" />
<meta name="twitter:card" content="summary_large_image" />
<script type="application/ld+json" class="yoast-schema-graph">{"@context":"https:\/\/schema.org","@graph":[{"@type":"WebPage","@id":"https:\/\/karatesportif.com\/en\/calendrier\/examen-pratique-du-cours-dinstructeur-et-celebration-remise-de-diplome-et-gouter\/","url":"https:\/\/karatesportif.com\/en\/calendrier\/examen-pratique-du-cours-dinstructeur-et-celebration-remise-de-diplome-et-gouter\/","name":"Examen pratique du cours d'instructeur et célébration remise de diplôme et goûter - Karaté Sportif","isPartOf":{"@id":"https:\/\/karatesportif.com\/en\/#website"},"datePublished":"2018-08-15T19:14:49+00:00","breadcrumb":{"@id":"https:\/\/karatesportif.com\/en\/calendrier\/examen-pratique-du-cours-dinstructeur-et-celebration-remise-de-diplome-et-gouter\/#breadcrumb"},"inLanguage":"en-US","potentialAction":[{"@type":"ReadAction","target":["https:\/\/karatesportif.com\/en\/calendrier\/examen-pratique-du-cours-dinstructeur-et-celebration-remise-de-diplome-et-gouter\/"]}]},{"@type":"BreadcrumbList","@id":"https:\/\/karatesportif.com\/en\/calendrier\/examen-pratique-du-cours-dinstructeur-et-celebration-remise-de-diplome-et-gouter\/#breadcrumb","itemListElement":[{"@type":"ListItem","position":1,"name":"Accueil","item":"https:\/\/karatesportif.com\/en\/"},{"@type":"ListItem","position":2,"name":"Events","item":"https:\/\/karatesportif.com\/en\/calendriers\/"},{"@type":"ListItem","position":3,"name":"Examen pratique du cours d&#8217;instructeur et célébration remise de diplôme et goûter"}]},{"@type":"WebSite","@id":"https:\/\/karatesportif.com\/en\/#website","url":"https:\/\/karatesportif.com\/en\/","name":"Karaté Sportif","description":"","publisher":{"@id":"https:\/\/karatesportif.com\/en\/#organization"},"potentialAction":[{"@type":"SearchAction","target":{"@type":"EntryPoint","urlTemplate":"https:\/\/karatesportif.com\/en\/?s={search_term_string}"},"query-input":{"@type":"PropertyValueSpecification","valueRequired":true,"valueName":"search_term_string"}}],"inLanguage":"en-US"},{"@type":"Organization","@id":"https:\/\/karatesportif.com\/en\/#organization","name":"Karaté Sportif","url":"https:\/\/karatesportif.com\/en\/","logo":{"@type":"ImageObject","inLanguage":"en-US","@id":"https:\/\/karatesportif.com\/en\/#\/schema\/logo\/image\/","url":"https:\/\/karatesportif.com\/wp-content\/uploads\/2024\/06\/Logo_GKS.png","contentUrl":"https:\/\/karatesportif.com\/wp-content\/uploads\/2024\/06\/Logo_GKS.png","width":250,"height":250,"caption":"Karaté Sportif"},"image":{"@id":"https:\/\/karatesportif.com\/en\/#\/schema\/logo\/image\/"}}]}</script>
<!-- / Yoast SEO plugin. -->

Examen pratique du cours d'instructeur et célébration remise de diplôme et goûter - Karaté Sportif

Karaté Sportif
